2*o - 9*v - 1890. What is the greatest common divisor of o and 210?
105
Suppose -14*y + 16*y - 206 = 0. Suppose 2*o = -y + 313. Suppose -7*p + 5*l = -11*p + 89, -4*p - 4*l + 88 = 0. What is the greatest common factor of o and p?
21
Let u be ((4/(-2))/2)/((-1)/13). Let j = 13 - u. Suppose j = -4*q + 2*m + 184, -94 = -4*q + 3*m + 94. Calculate the greatest common divisor of q and 22.
22
Let u(o) = 1529*o - 748. Let b be u(1). Calculate the greatest common factor of 1207 and b.
71
Let l = -17589 + 18081. Calculate the greatest common factor of 48 and l.
12
Suppose 117*g - 4210249 - 3677891 = 0. What is the highest common divisor of 20 and g?
20
Let s(w) = -452*w + 19637. Let r be s(43). Let o(d) = 45*d - 1. Let p be o(3). Calculate the highest common divisor of p and r.
67
Suppose -83*a + 3901 = -9840 + 2951. What is the highest common factor of 884 and a?
26
Let u be (-2 - (-184)/6)/(6/18). Let b = u - 75. Let s(i) = -i**2 + 14*i - 11. Let n be s(b). Calculate the highest common factor of n and 11.
11
Let c be 528/(-462) - (-2397)/21. Calculate the greatest common divisor of 1356 and c.
113
Suppose f - 5682 = 2*j, -8*j - 5 = -3*j. Calculate the highest common factor of 16 and f.
16
Suppose -3*q + 0*q = -6. Let s be q - (11 + -5 + 1). Let m be (6/(3 + -1))/(s/(-65)). Calculate the greatest common divisor of 39 and m.
39
Let o = 155 - 155. Suppose -8*u - u + 216 = o. What is the greatest common divisor of 64 and u?
8
Let v = -27 + 138. Let l = -116 + v. Let k(p) = -p**3 - 5*p**2 - 6*p - 14. Let q be k(l). What is the highest common factor of q and 16?
16
Let k = 57 - 32. Suppose 26 = a + 4*m, -m - 18 = -2*a + k. Suppose -5*h - 12*s + 10 = -8*s, 5*s = h - 2. Calculate the highest common divisor of h and a.
2
Suppose -11*z + 64 = 3*w - 9*z, -z = -3*w + 76. Suppose -2*k + 3*k + 4*h = w, 2*h = -2*k + 36. Calculate the highest common factor of k and 6.
2
Let u be (5 - (-16 + -34)) + (-3)/3. Calculate the highest common divisor of 3861 and u.
27
Suppose 0 = -8*o + 12*o - 84. Let q = -17 + o. Suppose q*d = 15 + 9. Calculate the greatest common divisor of 18 and d.
6
Let n be -76*(-60)/48 + 1. What is the greatest common factor of 1216 and n?
32
Let h be (357/(-35))/((-27)/7425). What is the highest common factor of 340 and h?
85
Suppose 3*p + 10 - 5 = l, 0 = -2*p. What is the highest common factor of 7 and l?
1
Suppose 54 = 3*q + 36. What is the highest common divisor of q and 606?
6
Suppose -5*d - 3*b = -75, -68*d + 66*d + 29 = b. Calculate the highest common factor of 81 and d.
3
Suppose -6*g + 51 = -87. Suppose g*j - 4 + 533 = 0. Let k be j/(-1) + -2 + 7 + -2. Calculate the greatest common divisor of 13 and k.
13
Let p(a) = a**3 - 5*a**2 - 7*a + 12. Let d be p(6). Suppose 11 = -m + d. Let u be (m - -4)*7/(-1). What is the highest common factor of u and 7?
7
Let b(t) = -t**2 + 3*t + 18. Let f be b(-8). Let a = -15 - f. What is the greatest common divisor of a and 495?
55
Let k be 10/(-55) - (-4804)/44. Let c = 119 - k. What is the highest common divisor of c and 4?
2
Let s(q) = 6*q + 3*q**3 - 2*q**3 + 9*q**2 - 32 - 7*q. Let k be s(-8). Calculate the greatest common divisor of 140 and k.
20
Suppose -143 = -4*c - v + 337, 0 = -4*v. Suppose -21*m = -26*m + c. Suppose 5 = 3*o - 4. What is the greatest common factor of o and m?
3
Let y(w) = 66*w**2 - 21*w + 63. Let m be y(3). Let a be (-110)/33*m/(-4). What is the highest common factor of a and 45?
45
Suppose 4*f = 5*h - 17 - 7, -f - 1 = 0. Suppose z + 61 = m, -5*m + 0*z = h*z - 269. What is the greatest common factor of m and 19?
19
Let v(r) = 2*r**2 + 19*r + 189. Let o be v(11). What is the greatest common divisor of o and 10?
10
Let g(d) = 129*d - 2. Let m be g(3). Suppose 0 = -13409*c + 13379*c + 210. What is the greatest common factor of m and c?
7
Let p(m) = 40*m + 52. Let u(q) = 13*q + 17. Let z(l) = 2*p(l) - 7*u(l). Let d be z(-2). Calculate the greatest common divisor of 7 and d.
7
Suppose 113 - 232 = -17*m. Let a be m + (-3 - (8 + -6)). What is the greatest common divisor of a and 9?
1
Suppose -79 = -4*q - 15. Suppose -183 = -q*c + 185. Calculate the highest common factor of 69 and c.
23
Suppose -2*b - 10 = -b. Let h be (1 - b/(-14)) + (-384)/168. Let u be h - 0 - (-9 + (-7 - -4)). What is the highest common factor of 20 and u?
10
Let m(q) = 69*q - 198. Let f be m(3). Calculate the greatest common divisor of 69 and f.
3
Let b = -1995 + 1938. Let h = -93 - -154. Let w = b + h. Calculate the highest common factor of w and 12.
4
Let p(k) be the first derivative of 3*k**4 + 7*k**3/3 - 5*k**2 - 4*k - 59. Let v be p(2). What is the highest common divisor of v and 240?
20
Suppose 4*p + 47 = -3*z + 157, 2*z - 4*p - 80 = 0. Let r be (38/(-4))/(27/(-270)). What is the highest common divisor of r and z?
19
Let i be 17/(-1) + 356 + 205. What is the highest common divisor of 748 and i?
68
Suppose 0 = 3*v - 6, 5*a + 5*v - 6 + 1 = 0. Let x = a + 23. Suppose -q = 4*k - 126 + 7, -5*k - 272 = -3*q. What is the greatest common divisor of q and x?
11
Suppose 4818*a = 4796*a + 573496. What is the highest common divisor of 38 and a?
38
Let h be ((-2068)/(-286))/(-47) + 1 + 15318/26. Calculate the highest common factor of h and 11505.
295
Suppose t + 4*n = 100, -5*t = 5*n - 260 - 210. What is the greatest common factor of 3036 and t?
92
Suppose -h - 67 = r + 4*h, -2 = h. Let k = 73 + r. Calculate the greatest common divisor of 56 and k.
8
Let x = 1936 + -830. What is the highest common factor of x and 168?
14
Let q be 1224/30 + 18/15. Suppose -q*h + 558 = -1416. Calculate the highest common divisor of h and 799.
47
Let r = 34034 + -34018. Suppose 0 = a - 335 - 289. Calculate the greatest common factor of r and a.
16
Suppose -5*h = 2*t - 10786, 55*h - 10784 = 50*h - 3*t. Calculate the greatest common factor of 156 and h.
26
Suppose -6096 - 624 = -105*n. Calculate the highest common divisor of 16 and n.
16
Let i = -46 + 74. Let k = 57 - 68. Let j(b) = -b - 7. Let y be j(k). What is the highest common factor of y and i?
4
Let v(i) = -i**3 + 7*i**2 + 47*i - 202. Let d be v(4). What is the greatest common factor of d and 53?
1
Let o = -29579 + 29796. What is the highest common factor of 2666 and o?
31
Suppose -2*h + 22 = 2*t, -166*h + 165*h = -3*t + 37. Calculate the highest common factor of t and 321.
3
Let k be 35/7*144/10. Calculate the highest common factor of 600 and k.
24
Suppose -3*n + 8 - 2 = 0, 3*v + 2*n - 10 = 0. Suppose -61 = -v*t - 165. Let o = t + 86. What is the greatest common divisor of 272 and o?
34
Suppose -d = d - 4*h - 40, 5*d - h = 73. Suppose -81*p + 88*p - 2450 = 0. Calculate the highest common factor of d and p.
14
Suppose 13*a + 475 = -122*a + 16000. Calculate the greatest common divisor of a and 575.
115
Let f = 7831 - 1209. What is the greatest common factor of 28 and f?
14
Let v be (-16)/(-40) - 3185/25. Suppose 2*y - 3*y = -199. Let d = v + y. Calculate the greatest common divisor of 8 and d.
8
Let r be 2730/(-45) - (-10)/6. Let g = r - -67. Suppose 72 = q - 2*t, -72 - 244 = -5*q - t. What is the greatest common divisor of q and g?
8
Suppose -23*n = -72 - 89. Suppose -q - 5*l = -16, 5*q + 4*l - 108 = n*l. What is the highest common divisor of 9 and q?
3
Let s(d) = -40*d - 102. Let m be s(-4). Suppose -116 = -5*p + 3*p. Calculate the greatest common divisor of p and m.
58
Let k(j) = 4*j**3 + 60*j**2 + 7*j + 108. Let g be k(-15). Calculate the highest common divisor of 221 and g.
1
Let w = -722 - -1066. Let b(o) = -o**3 - 17*o**2 - 15*o + 7. Let m be b(-16). Let q be ((-3)/(m/(-86)))/(2/(-3)). What is the highest common factor of w and q?
43
Let l = 259 + -278. Let c be 114/l*(-31)/6. What is the greatest common divisor of 217 and c?
31
Suppose s + 181 = 3*v, -v - 3*v = 4*s + 772. Let x be 7*((-115)/23 - s/14). Suppose c + 7 = 19. What is the highest common factor of c and x?
12
Suppose -5*d + 15 = -k, 4*k + 6 = 2*d - 0*k. Suppose d*i - 61 = -2*l, -4*i + 2*l + 23 = -3*i. What is the highest common factor of 14 and i?
7
Let p(z) = 16 - 4*z - 2*z - 2*z - z**2 + 3. Let f be p(-9). Suppose 2*n = 3*l - 532, -6*n - f = -n. What is the highest common divisor of l and 16?
16
Let k be (1568/35)/(8/(-10) - -1). Suppose 0 = -3*d - 5*w + 59, -52 = -3*d + 3*w + 47. Calculate the highest common divisor of k